 s + v, 5*p + 2023 = 5*s + 433. What are the prime factors of -3 + 0 - p/(-3)*-1?
2, 3, 17
Let x = -14733 + 31902. List the prime factors of x.
3, 59, 97
List the prime factors of (3 + (-4778)/(-8))/((-441)/(-144) + -3).
2, 7
Suppose 9*q = -4*q + 65. Suppose -m - 80 = -q*f, -7 = 2*f + 2*m - 27. Suppose f*c - 176 = 2689. What are the prime factors of c?
191
Let q = 3 + 149. Suppose b + 71 = 2*b + 2*h, -2*b - 2*h = -q. Let k = -46 + b. List the prime factors of k.
5, 7
Let o(x) = x**3 - 4*x**2 - 3*x - 8. Let r be o(5). Suppose 1 - 11 = -r*p. Suppose y - 4*i + i - 44 = 0, p*i = 4*y - 148. What are the prime factors of y?
2
Let d be (-22)/(-99) + (-158)/(-18). Suppose -8086 = -d*b + 1058. What are the prime factors of b?
2, 127
Let x(m) = -183*m**3 - 37*m**2 - 194*m + 2. List the prime factors of x(-6).
2, 19681
Let s(d) = 7*d**2 - 15*d - 37. Let v(j) = -3*j**2 + 7*j + 18. Let o(r) = 6*s(r) + 13*v(r). Let k be o(5). Let h = -8 + k. List the prime factors of h.
2, 3, 7
List the prime factors of 6 + (-183)/(6 + 275/(-45)).
3, 19, 29
Let m = 18081 - 5482. List the prime factors of m.
43, 293
Let q(p) = -p**3 + 60*p**2 + 21*p - 283. List the prime factors of q(59).
3, 17, 29
Let k(j) = -2*j**3 - 16*j**2 - 8*j + 5. Let z be k(-6). Let w = 48 - z. What are the prime factors of w?
139
Let r(q) = -18150*q - 410. Let i be r(-11). What are the prime factors of ((-16)/10 - -2)/(68/i)?
2, 293
Let l be 215/4 - (-67)/268. What are the prime factors of (-66)/(-891) + 40550/l?
751
Suppose -4*y + 4*w = -322 - 262, 0 = 4*y - 5*w - 585. Suppose -5*h - 298 = 2*c, -5*h + 8*c - c = 262. Let u = y + h. List the prime factors of u.
3, 29
Let j = -1403 - -1388. Suppose 0 = 5*n + 10 - 0. What are the prime factors of (j*88/6)/n?
2, 5, 11
Suppose -3*r + 5*b - 2*b = -84, 4*r - 116 = 2*b. Let z be ((-20)/r)/((-6)/(-2763)). Let x = -109 - z. List the prime factors of x.
2, 3, 11
Suppose -93042 - 111533 = -35*r. What are the prime factors of r?
5, 7, 167
List the prime factors of -186*308/(-14) + 8*1.
2, 5, 41
Let q = -7168 - -21087. What are the prime factors of q?
31, 449
Suppose 94*s + 2*r - 49892 = 90*s, -3*s + r = -37419. List the prime factors of s.
12473
Let c(j) = 4 - 7 - 1137*j + 0 - 18 + 1133*j. Let f = 25 + -38. What are the prime factors of c(f)?
31
Suppose 5*c = -3*m + 9029, 0 = 3*m + 4*c - 8*c - 8993. Suppose -1157*f - m = -1160*f. What are the prime factors of f?
7, 11, 13
Let r be -1483*4/(-4)*1. Suppose k - 823 - 173 = -2*x, 3*x = 4*k + r. List the prime factors of x.
7, 71
Let b(m) = 179*m**3 + 3 - 18*m**3 + 5 - 4*m - 38*m**3. What are the prime factors of b(2)?
2, 3, 41
Suppose -5*a = -4*v + 66, 0 = 4*a + 2*v + v + 59. What are the prime factors of -6 - 3493/a - (-2)/(-4)?
3
Let b(m) = m**2 - 15*m + 17. Suppose -11*s + 264 = 88. Let h be b(s). List the prime factors of (h - 2) + (-6)/(-6).
2
Suppose -260*b = -257*b + 5*u - 9285, -3*b = 2*u - 9294. List the prime factors of b.
2, 5, 31
Suppose -s + 1615 = 5*g - 17007, 2*g = 3*s + 7442. List the prime factors of g.
2, 7, 19
Let u(g) = 160*g**2 - 546*g + 10. List the prime factors of u(7).
2, 19, 53
Suppose 48*j + 11878 - 66053 = 23*j. List the prime factors of j.
11, 197
Let p(m) be the third derivative of -9/2*m**3 + 0*m + 0 + 1/20*m**5 + 6*m**2 - 1/3*m**4. List the prime factors of p(-8).
229
Let f be (-1)/2 + (610/20 - 13). Suppose -f*q + 3235 + 15278 = 0. List the prime factors of q.
3, 11
Let i(y) = -23*y**3 + y**2 + 18*y + 169. List the prime factors of i(-7).
23, 347
Suppose -1395144 = -46*y - 133364. List the prime factors of y.
2, 5, 13, 211
Suppose -24*i = -90316 - 8300. List the prime factors of i.
7, 587
What are the prime factors of 10 + (1916 - -1 - -6)?
1933
Let s be 3 + ((-3)/(-2) + -2)*-8. Suppose s = 2*r + 1. Suppose g - r*g = -476. List the prime factors of g.
2, 7, 17
Let a = -5939 - -6575. List the prime factors of a.
2, 3, 53
Suppose s + p - 16 = 0, 7*s - 5*s + 4*p - 34 = 0. Suppose s*l = -4*l + 2489. What are the prime factors of l?
131
What are the prime factors of 0 - 13713/(-2) - (-270)/(-540)?
2, 857
Suppose -4*o + 5*o - 5*p = -81, -p + 4 = 0. Let r = o - -132. Suppose 3*a = -2*l - 3*l + r, 0 = -2*a - l + 38. What are the prime factors of a?
17
Suppose -3*y - 4*q = -410, 22 - 262 = -2*y + 4*q. Let c = -1 + y. List the prime factors of c.
3, 43
Suppose 2787155 = 51*z + 2062042 - 3597851. List the prime factors of z.
2, 21191
Let b = -157 - -257. Suppose 3*y - 4*w - 11 = -2*y, 2*y - 5*w = 1. Suppose -y*s + 2*s + b = 0. List the prime factors of s.
2, 5
Let l(o) = o**2 - 2*o + 2. Let w be l(2). Suppose w*i - 51 = -39. Suppose 2*t - 202 = -i. List the prime factors of t.
2, 7
Let r(g) = 41967*g**2 - 642*g + 640. What are the prime factors of r(1)?
5, 7, 11, 109
Let z = 78 - 82. Let h be (-60)/24 - 470/z. Let n = 237 - h. What are the prime factors of n?
2, 61
List the prime factors of (-3 + 42/7)/((-4)/(-22584)).
2, 3, 941
Let g = 9169 + -7504. What are the prime factors of g?
3, 5, 37
Let o(l) = -l**2 + 4*l - 4. Let w be o(2). Suppose -20 = -4*h - w*h. Suppose 0 = -h*g + 84 + 381. What are the prime factors of g?
3, 31
What are the prime factors of 45397/4 + 13/(-13) - (-4)/(-16)?
2, 2837
Let x = 2846 - 1319. Suppose 109 = -4*h - x. Let g = -269 - h. List the prime factors of g.
2, 5, 7
Suppose 19*o - 8*o - 22 = 0. Suppose -3*q + 2*q = j - 415, 3*j + o*q - 1250 = 0. List the prime factors of j.
2, 3, 5, 7
Let d(g) = -g**2 - g + 1. Let b(t) = 2*t**2 - 24*t - 7. Let i(j) = b(j) - 5*d(j). What are the prime factors of i(7)?
2, 3, 11
Suppose -5 = -d - 4, -2*x - 5*d + 1853 = 0. Let a = 1399 - x. What are the prime factors of a?
5, 19
Let u(j) = 3*j**2 - 39*j + 27806. What are the prime factors of u(0)?
2, 13903
Let s = 808 - 811. List the prime factors of (1289/1 - s) + -8.
2, 3, 107
Let c be (2688/60)/((4/(-10))/(-2)). Suppose 0 = -8*n - c - 984. Let v = n + 289. List the prime factors of v.
2, 3, 23
Let p(u) = -84*u - 143. Suppose 100*f - 110*f = 190. What are the prime factors of p(f)?
1453
Suppose 22*c - 8480 = 32*c. Let n = c + 1006. List the prime factors of n.
2, 79
Let r(b) = b - 12. Let w = -10 - -22. Let d be r(w). Suppose 5*i + 256 - 756 = d. List the prime factors of i.
2, 5
Suppose -150 = -4*t - 62. Suppose -7*q + t*q = 5475. What are the prime factors of q?
5, 73
Let f = -65952 - -124915. List the prime factors of f.
58963
Suppose 3*x = -3*f + 7*x + 69, 4*f - 61 = -5*x. Suppose -860 = -f*t + 4821. What are the prime factors of t?
13, 23
Suppose -52*l = -287519 - 580621. What are the prime factors of l?
3, 5, 7, 53
Let t(y) = y**3 - 16*y**2 - 15*y - 32. Let x be t(17). Suppose s + 2*m = m + 606, 0 = 3*s - x*m - 1823. What are the prime factors of s?
607
Let o(d) be the third derivative of -d**6/60 + d**5/10 - d**4/24 + 5*d**3/6 + 10*d**2 + 4. What are the prime factors of o(-5)?
2, 5, 41
Let p = -19 + 15. Let y be ((-3)/p)/((-1)/(-4)). Suppose 49 - 1 = x + y*d, -40 = -x - 5*d. List the prime factors of x.
2, 3, 5
Let u = 600 - 410. Suppose -9*x + 4*x + u = 0. Suppose -q = -5*a + x + 94, q = -3*a + 84. What are the prime factors of a?
3
Suppose 0 = -x + 185 + 1383. Suppose 0*f = 17*f - 102. Suppose -b + x = f*b. List the prime factors of b.
2, 7
Let q = -91 - -95. Let p = 1396 + -332. Suppose q*l = -4*v + p, -6*l + l = v - 1334. What are the prime factors of l?
3, 89
Let y(n) = -200 + 34*n + 320 - 169. What are the prime factors of y(13)?
3, 131
Let k(t) be the third derivative of t**6/120 - t**5/10 + t**4/12 + 5*t**3/6 + 29*t**2. Let j be k(5). Let w = 0 - j. List the prime factors of w.
2, 5
Let n = 25299 - -241. What are the prime factors of n?
2, 5, 1277
Let z be 6/9 - (-2624)/(-12). Suppose 90 = -3*j - 93. Let p = j - z. What are the prime factors of p?
157
Let i = 422 + -420. Suppose -4*d + w + 3791 = 0, -2*w - 3*w = i*d - 1923. What are the prime factors of d?
13, 73
Suppose 173315 - 136645 = -174*d + 1145572. What are the prime factors of d?
6373
Let y = -4 + 2. Let b be (((-10)/(-16))/((-31)/124))/(2/(-12)). Let a = b - y. List the prime factors of a.
17
Suppose 3*a = -4*r + 142580, 3*a + 45773 - 188347 = -r. List the prime factors of a.
2, 109
Suppose -2*k + 4*j + 4 + 6 = 0, 4*j + 1 = -k. Let c(q) = q + 1. Let o be c(k). List the prime factors of 5/(o*3/168).
2, 5, 